et j(n) = -n**3 + 8*n**2 - n + 12. Determine j(5).
82
Let d(u) = 4*u**3 + 56*u**2 + 54*u + 22. Determine d(-13).
-4
Let l(f) = f**3 + 17*f**2 - 12*f - 206. Calculate l(-17).
-2
Let d(a) = -a**3 + 11*a**2 - 16*a + 7. Calculate d(9).
25
Let c(p) = -p**2 + 19*p - 33. Give c(18).
-15
Let n(m) = -2*m**2 + 3*m + 4. Give n(-4).
-40
Let p(f) = -8*f + 4. What is p(2)?
-12
Let x(w) = w - 25. Determine x(13).
-12
Let d(f) = -f**2 + 5*f - 4. Determine d(-6).
-70
Let l(i) = 2*i**3 - 5*i - 1. What is l(3)?
38
Let w(y) = 8*y + 45. Give w(-6).
-3
Let v(r) = r**3 + 7*r**2 + 3*r - 12. Calculate v(-6).
6
Let x(n) = -7*n**2 + 42*n + 2. Calculate x(6).
2
Let o(d) = -d**3 + 12*d**2 + 10*d + 42. Determine o(13).
3
Let c(x) = x**2 - 5*x - 58. Determine c(-6).
8
Let d(h) = h**3 - h**2 - 11*h + 8. Give d(4).
12
Let b(r) = -10*r - 112. Give b(-11).
-2
Let p(g) = g**2 + 12*g - 6. What is p(-13)?
7
Let j(q) = q**3 + 9*q**2 - 72*q - 29. Calculate j(-14).
-1
Let g(u) = u**2 - 24*u + 77. Calculate g(11).
-66
Let w(i) = 6*i - 2. Give w(-5).
-32
Let w(l) = l - 16. What is w(8)?
-8
Let k(f) = f**3 - 13*f**2 + 8. Calculate k(13).
8
Let b(f) = -f**3 + 2*f**2 - 6*f + 2. Give b(4).
-54
Let p(c) = -c + 2. What is p(2)?
0
Let h(v) = -v - 19. Calculate h(-8).
-11
Let d(r) = r**3 + 2*r**2 - 5*r + 3. What is d(-4)?
-9
Let l(p) = p**3 - 3*p**2 - 5*p + 3. Give l(3).
-12
Let o(k) = -k - 20. What is o(-19)?
-1
Let t(l) = -l**2 - 14*l - 13. Determine t(-13).
0
Let l(j) = -j**3 - j**2 + j. Determine l(-2).
2
Let l(v) = -4*v - 37. Give l(-8).
-5
Let j(y) = -y**2 - 25*y - 60. Calculate j(-20).
40
Let v(x) = x**3 - 15*x**2 - 22*x + 31. Give v(16).
-65
Let k(y) = -4*y + 22. Calculate k(6).
-2
Let j(k) = k**3 - 19*k**2 + 19*k + 8. Give j(18).
26
Let p(b) = -3*b**3 - 2*b**2 - b - 1. What is p(2)?
-35
Let r(d) = -d**2 - 10*d - 34. Calculate r(-10).
-34
Let x(m) = -m**3 - 10*m**2 - 8*m + 4. Calculate x(-8).
-60
Let h(n) = -3*n**2 + 36*n + 130. What is h(15)?
-5
Let f(l) = -l**3 - 10*l**2 - 9*l + 8. Calculate f(-9).
8
Let c(k) = -37*k**3 - k**2 - 2*k - 1. Calculate c(-1).
37
Let p(y) = -y**3 - 9*y**2 - 9*y + 15. What is p(-8)?
23
Let c(i) = -i**2 - 10*i - 35. Determine c(-6).
-11
Let m(s) = -9*s - 53. What is m(-5)?
-8
Let z(b) = -b**2 - 6*b - 5. What is z(-2)?
3
Let k(c) = 3*c**2 - 45*c - 14. Give k(15).
-14
Let j(p) = p**3 + 6*p**2 + 5*p + 51. What is j(-6)?
21
Let t(g) = -g**2 + 14*g + 5. Give t(11).
38
Let g(t) = -8*t**2 - 3*t - 2. Calculate g(3).
-83
Let k(x) = x**2 - 11*x + 3. Give k(7).
-25
Let a(u) = -u**2 - 16*u - 39. Calculate a(-7).
24
Let l(m) = -2*m**2 + 31*m + 13. Calculate l(16).
-3
Let t(j) = -5*j**2 - 3. Give t(5).
-128
Let g(y) = -11*y - 74. Determine g(-8).
14
Let q(d) = -d**3 - 12*d**2 - 14*d - 26. Calculate q(-11).
7
Let f(i) = -15*i + 139. Give f(8).
19
Let y(u) = 26*u + 11. Calculate y(-3).
-67
Let m(q) = q**3 - 5*q**2 - 5*q - 8. Determine m(6).
-2
Let g(m) = m**3 - 11*m**2 - 29*m + 40. Determine g(13).
1
Let p(h) = h**2 + 6*h + 13. What is p(-6)?
13
Let r(j) = -j**3 - 9*j**2 + j - 2. Give r(-9).
-11
Let c(g) = -8*g - 46. What is c(0)?
-46
Let h(p) = -p**3 + 6*p**2 + 3*p - 6. What is h(7)?
-34
Let d(q) = -q**2 - 13*q + 79. What is d(-18)?
-11
Let s(a) = -29*a + 228. What is s(8)?
-4
Let p(o) = 2*o**3 - 3*o - 33. Calculate p(0).
-33
Let z(g) = -g**3 + 11*g**2 + 13*g - 15. Give z(12).
-3
Let m(h) = -h**3 + 22*h**2 + 22*h + 27. Give m(23).
4
Let d(k) = k**2 - k - 10. What is d(5)?
10
Let x(y) = 18*y - 8. Give x(4).
64
Let u(s) = -3*s**3 + 2*s**2 + s. Give u(-2).
30
Let y(w) = 2*w**3 + 69*w**2 - 34*w + 32. Determine y(-35).
-3
Let y(b) = 5*b - 58. Give y(9).
-13
Let d(p) = 2*p**3 + 23*p**2 + 12*p + 11. Give d(-11).
0
Let g(l) = -2*l**2 - 23*l - 34. Calculate g(-10).
-4
Let n(w) = -w**2 - w. Calculate n(-3).
-6
Let p(s) = s**3 + 17*s**2 - 2*s + 1. Calculate p(-17).
35
Let b(x) = -x**2 - 3*x + 28. Determine b(7).
-42
Let p(i) = -i + 15. What is p(10)?
5
Let m(l) = 14*l - 12. What is m(4)?
44
Let r(c) = c**3 + 8*c**2 - 6*c - 8. Calculate r(-8).
40
Let p(r) = -r**3 - 11*r**2 - 10*r - 4. Give p(-10).
-4
Let z(p) = -9*p + 382. Give z(42).
4
Let c(o) = o**3 + 11*o**2 - 11*o + 10. Calculate c(-12).
-2
Let i(x) = -4*x**2 + x. Give i(3).
-33
Let o(u) = u**3 + 8*u**2 - 9*u + 2. Calculate o(-9).
2
Let h(c) = 6*c + 2. Determine h(7).
44
Let d(k) = 19*k + 2. Determine d(-1).
-17
Let u(y) = -y**2 + 5*y + 5. Determine u(10).
-45
Let k(b) = -47*b**3 + b - 2. Calculate k(1).
-48
Let a(o) = -19*o + 52. Give a(2).
14
Let a(y) = y**2 + y - 1. Determine a(-1).
-1
Let p(g) = g**2 - 6*g - 8. What is p(6)?
-8
Let y(p) = -p**3 + 4*p**2 - p + 4. Give y(4).
0
Let l(f) = 11*f + 13. Give l(-4).
-31
Let s(k) = -k**3 + 2*k**2 - k - 1. Give s(3).
-13
Let h(t) = 11*t**2. Determine h(-1).
11
Let s(a) = 13*a + 55. What is s(-4)?
3
Let y(a) = -a**3 + 6*a**2 + 5*a - 9. What is y(6)?
21
Let u(y) = y**3 + 16*y**2 - 2*y - 31. What is u(-16)?
1
Let n(r) = -2*r**2 - 5*r + 21. Give n(-5).
-4
Let q(w) = 6*w + 1. Determine q(-4).
-23
Let g(y) = -y**3 - 12*y**2 - 13*y - 25. Calculate g(-11).
-3
Let p(x) = -x**3 + x**2 + 7*x - 4. Determine p(-3).
11
Let f(h) = 4*h + 2. Determine f(11).
46
Let j(s) = -16*s - 21. Determine j(-1).
-5
Let h(t) = t**3 + 7*t**2 + 3*t - 3. Determine h(-3).
24
Let a(x) = -127*x - 1015. Calculate a(-8).
1
Let v(l) = 2*l**3 + 5*l**2 + 3*l + 4. What is v(-3)?
-14
Let h(l) = -l**3 - 4*l**2 + 4*l - 3. What is h(3)?
-54
Let s(b) = b**2 + 3*b + 1. Calculate s(-4).
5
Let z(v) = v**2 + 2*v + 3. Give z(4).
27
Let z(j) = -j**2 - 17*j - 8. Give z(-13).
44
Let v(q) = -q + 7. Calculate v(9).
-2
Let u(r) = -2*r**3 + 3*r**2 - 6*r + 5. Determine u(2).
-11
Let d(b) = 3*b**2 - 19*b - 16. Give d(7).
-2
Let c(q) = -3*q - 3. Calculate c(-2).
3
Let z(s) = 60*s - 245. Give z(4).
-5
Let b(f) = 4*f + 1. Give b(3).
13
Let v(z) = z**3 + 4*z**2 + 3*z + 2. Give v(-1).
2
Let m(u) = -u + 1. Give m(5).
-4
Let j(a) = 5*a + 4. Give j(-6).
-26
Let k(r) = 15*r + 32. Determine k(-5).
-43
Let s(o) = -o**3 - 5*o**2 + 7*o + 2. Determine s(-6).
-4
Let n(m) = m**3 - 7*m**2 + 14*m - 34. Give n(5).
-14
Let w(f) = -9*f - 295. Give w(-30).
-25
Let b(g) = -30*g - 17. Determine b(-1).
13
Let d(w) = -w**2 + 10*w + 27. Give d(12).
3
Let z(b) = 12*b**3 + 2*b**2 - b. Determine z(1).
13
Let v(p) = p**3 - 8*p**2 - p + 2. Give v(8).
-6
Let d(b) = -2*b**3 - 33*b**2 + 55*b + 21. What is d(-18)?
3
Let f(u) = u**3 + 13*u**2 - 19*u - 23. Calculate f(-14).
47
Let b(y) = y**2 + 14*y + 6. What is b(-14)?
6
Let r(z) = 4*z**2 - 89*z - 73. Determine r(23).
-4
Let m(z) = -16*z**2 + 382*z + 45. What is m(24)?
-3
Let u(m) = m**2 - 8*m - 20. Give u(10).
0
Let j(k) = 3*k**3 - 3*k**2 - 27*k - 26. Calculate j(-1).
-5
Let f(x) = -17*x - 122. What is f(-8)?
14
Let y(i) = -i**2 + 5*i + 2. Calculate y(7).
-12
Let z(n) = -n**3 + n**2 - 2*n. Determine z(3).
-24
Let b(r) = -7*r**2. What is b(1)?
-7
Let r(b) = -6*b + 9. Give r(7).
-33
Let k(t) = t**3 - t**2 + t - 2. Calculate k(-2).
-16
Let t(n) = n - 14. Calculate t(-10).
-24
Let n(c) = c - 48. Give n(0).
-48
Let n(j) = -158*j + 1587. Give n(10).
7
Let i(q) = 11*q - 96. Give i(10).
14
Let v(l) = -l**2 - 4*l - 14. What is v(-6)?
-26
Let q(g) = 3*g**2 - 5*g - 12. Calculate q(5).
38
Let j(w) = 3*w + 1. Determine j(0).
1
Let a(z) = -2*z**2 + 3*z + 596. What is a(18)?
2
Let u(s) = -8*s + 12. Calculate u(7).
-44
Let z(p) = p**3 - 5*p**2 - 10*p + 7. Give z(6).
-17
Let v(t) = 2*t - 5. Determine v(6).
7
Let s(b) = b**3 - 7*b**2 + 7*b + 7. Give s(5).
-8
Let p(v) = 10*v + 4. Calculate p(-2).
-16
Let b(a) = -a**3 - 11*a**2 - 23*a - 51. What is b(-9)?
-6
Let l(k) = k**3 + 4. Calculate l(0).
4
Let r(v) = 17*v - 34. Give r(2).
0
Let s(m) = -3*m - 33. What is s(-19)?
24
Let n(s) = 13*s + 86. Calculate n(-6).
8
Let i(m) = m**2 + 17*m + 29. Determine i(-14).
-13
Let n(s) = -s**2 - 6*s - 4. Give n(-5).
1
Let m(c) = c**3 + 12*c**2 - 3*c - 50. Determine m(-12).
-14
Let n(j) = 17*j - 556. Give n(33).
5
Let a(c) = 5*c - 72. Give a(15).
3
Let y(m) = 2*m + 17. Give y(-9).
-1
Let p(x) = 4*x**2 - 18*x - 20. Give p(6).
16
Let x(q) = -q**3 + q**2 + 4*q + 1. Calculate x(-2).
5
Let z(k) = 2*k**2 + 11*k. Determine z(-5).
-5
Let n(s) = 2*s - 4. Give n(30).
56
Let j(h) = -h**3 + 12*h**2 + 3*h - 36. What is j(12)?
0
Let q(y) = 12*y + 2. What is q(-1)?
-10
Let i(j